me factors of 1626757836.
2, 3, 11, 37, 83, 4013
List the prime factors of 134262312.
2, 3, 5594263
List the prime factors of 288808096.
2, 821, 10993
List the prime factors of 52184873.
13, 31, 129491
What are the prime factors of 4369722832?
2, 71, 907, 4241
What are the prime factors of 146123402?
2, 29, 2519369
List the prime factors of 92052620.
2, 5, 11, 17, 151, 163
What are the prime factors of 51365782?
2, 13, 61, 139, 233
List the prime factors of 6387237.
3, 709693
List the prime factors of 22712690.
2, 5, 7, 11, 13, 2269
List the prime factors of 47548186.
2, 7, 229, 14831
List the prime factors of 4208798387.
151, 163, 307, 557
What are the prime factors of 246302564?
2, 31, 1986311
What are the prime factors of 158419538?
2, 23, 3443903
List the prime factors of 2166528204.
2, 3, 3181, 18919
What are the prime factors of 41573797?
41573797
What are the prime factors of 71572772?
2, 19, 941747
List the prime factors of 1674354083.
107, 631, 24799
List the prime factors of 47505099.
3, 2699, 5867
What are the prime factors of 858754862?
2, 7, 181, 338893
List the prime factors of 51441843.
3, 71, 241511
What are the prime factors of 19996327?
13, 1538179
List the prime factors of 3007273271.
3007273271
What are the prime factors of 349068140?
2, 5, 17, 109, 9419
What are the prime factors of 223976560?
2, 5, 19, 147353
What are the prime factors of 1446835901?
7, 37, 5586239
List the prime factors of 58043190.
2, 3, 5, 1934773
What are the prime factors of 23307528?
2, 3, 19, 79, 647
What are the prime factors of 57959004?
2, 3, 59, 71, 1153
List the prime factors of 452194557.
3, 3469, 43451
List the prime factors of 6508459990.
2, 5, 650845999
What are the prime factors of 385325473?
13, 149, 198929
What are the prime factors of 181106178?
2, 3, 11, 97, 28289
List the prime factors of 33493661.
2927, 11443
What are the prime factors of 746468310?
2, 3, 5, 7, 3554611
What are the prime factors of 247687938?
2, 3, 61, 225581
What are the prime factors of 140232948?
2, 3, 1973, 5923
List the prime factors of 2838814806.
2, 3, 4679, 101119
List the prime factors of 59541879.
3, 211, 94063
List the prime factors of 2971088925.
3, 5, 7, 1447, 3911
What are the prime factors of 194018238?
2, 3, 10778791
List the prime factors of 113912518.
2, 3931, 14489
List the prime factors of 100999975.
5, 17, 107, 2221
What are the prime factors of 6117003256?
2, 7, 13, 8402477
List the prime factors of 38984259.
3, 2311, 5623
List the prime factors of 87401551.
87401551
List the prime factors of 6571432485.
3, 5, 146031833
What are the prime factors of 521367093?
3, 13, 1621, 2749
What are the prime factors of 1755267049?
1755267049
What are the prime factors of 1933305478?
2, 13, 229, 324707
What are the prime factors of 121411344?
2, 3, 2529403
What are the prime factors of 170045359?
11, 53, 137, 2129
List the prime factors of 17964842.
2, 7, 19, 67537
List the prime factors of 86879112.
2, 3, 17, 31, 6869
What are the prime factors of 8373370?
2, 5, 631, 1327
What are the prime factors of 109668616?
2, 13708577
List the prime factors of 933414488.
2, 116676811
List the prime factors of 74287033.
23, 1049, 3079
What are the prime factors of 163866023?
163866023
List the prime factors of 1796877732.
2, 3, 13, 61, 188827
List the prime factors of 138650232.
2, 3, 7, 17, 43, 1129
List the prime factors of 6021534854.
2, 3010767427
List the prime factors of 3217675107.
3, 229, 4683661
What are the prime factors of 253519951?
1601, 158351
List the prime factors of 751909978.
2, 137, 2744197
List the prime factors of 4350539448.
2, 3, 43, 101, 13913
List the prime factors of 8592047167.
11, 37, 373, 56597
What are the prime factors of 311318158?
2, 101, 191, 8069
List the prime factors of 62112163.
62112163
What are the prime factors of 16432014?
2, 3, 53, 51673
What are the prime factors of 32135816?
2, 109, 137, 269
List the prime factors of 1924161228.
2, 3, 11, 157, 30949
List the prime factors of 2508739598.
2, 29, 43254131
What are the prime factors of 195780541?
11, 19, 85159
List the prime factors of 249945620.
2, 5, 12497281
List the prime factors of 7987513257.
3, 17, 52205969
What are the prime factors of 1421580329?
13, 1181, 92593
List the prime factors of 65351980.
2, 5, 467, 6997
What are the prime factors of 1739057368?
2, 217382171
List the prime factors of 700708044.
2, 3, 58392337
What are the prime factors of 2732696946?
2, 3, 7, 661, 10937
List the prime factors of 816865114.
2, 13, 2083, 15083
List the prime factors of 60542852.
2, 1873, 8081
What are the prime factors of 3858653287?
53, 72804779
What are the prime factors of 1592497591?
38867, 40973
List the prime factors of 3054274176.
2, 3, 43, 109, 1697
List the prime factors of 503988679.
59, 1609, 5309
List the prime factors of 2520107668.
2, 13, 48463609
List the prime factors of 199506516.
2, 3, 11, 37, 40849
What are the prime factors of 1442133340?
2, 5, 139, 443, 1171
What are the prime factors of 396678722?
2, 11, 619, 29129
What are the prime factors of 28702911?
3, 41, 233357
What are the prime factors of 438577634?
2, 11, 113, 176419
List the prime factors of 16026136.
2, 7, 40883
What are the prime factors of 342721377?
3, 17, 523, 4283
List the prime factors of 456297741.
3, 193, 262693
List the prime factors of 829367157.
3, 19, 109, 131, 1019
List the prime factors of 879991853.
13, 67691681
What are the prime factors of 2075978?
2, 19, 54631
List the prime factors of 39659746.
2, 7, 269, 10531
List the prime factors of 3181489146.
2, 3, 11, 16068127
What are the prime factors of 1520360468?
2, 11, 19, 83, 21911
What are the prime factors of 520568770?
2, 5, 52056877
List the prime factors of 647630530.
2, 5, 64763053
List the prime factors of 681996706.
2, 41, 353, 23561
What are the prime factors of 175044079?
7, 25006297
What are the prime factors of 5894160918?
2, 3, 23, 42711311
What are the prime factors of 61511298?
2, 3, 199, 51517
What are the prime factors of 16318118?
2, 47, 67, 2591
List the prime factors of 135609193.
383, 523, 677
What are the prime factors of 1773155357?
1773155357
What are the prime factors of 18788954?
2, 9394477
What are the prime factors of 46609176?
2, 3, 1942049
What are the prime factors of 697830296?
2, 181, 587, 821
List the prime factors of 129672877.
129672877
What are the prime factors of 824229077?
7, 117747011
List the prime factors of 264158388.
2, 3, 13, 188147
What are the prime factors of 160879475?
5, 6435179
List the prime factors of 237036668.
2, 11, 5387197
What are the prime factors of 2781628522?
2, 929, 983, 1523
List the prime factors of 88738909.
7, 2003, 6329
List the prime factors of 186667385.
5, 107, 348911
List the prime factors of 129512411.
7, 857, 21589
What are the prime factors of 113660841?
3, 7, 701, 1103
What are the prime factors of 1956062374?
2, 7, 331, 422111
What are the prime factors of 177186204?
2, 3, 13, 23, 31, 59
List the prime factors of 1203692958.
2, 3, 13, 5143987
What are the prime factors of 377152164?
2, 3, 73, 143513
List the prime factors of 144263585.
5, 1733, 16649
List the prime factors of 103539377.
761, 136057
List the prime factors of 3561298441.
107, 373, 89231
What are the prime factors of 5063875160?
2, 5, 2393, 52903
List the prime factors of 64994618.
2, 13, 2499793
List the prime factors of 443530303.
251, 1767053
List the prime factors of 109182808.
2, 7, 463, 4211
What are the prime factors of 5642174045?
5, 23, 49062383
What are the prime factors of 3784921490?
2, 5, 7, 43, 29243
List the prime factors of 142037558.
2, 13, 23, 449
List the prime factors of 1220802440.
2, 5, 11, 13, 19, 47, 239
What are the prime factors of 573518559?
3, 2311, 82723
What are the prime factors of 22949433?
3, 13, 151, 433
What are the prime factors of 2930877310?
2, 5, 97, 3021523
What are the prime factors of 48657415?
5, 313, 31091
List the prime factors of 304315606.
2, 7, 17, 1278637
What are the prime factors of 114872964?
2, 3, 9572747
What are the prime factors of 128966337?
3, 389, 4093
What are the prime factors of 473278726?
2, 43, 5503241
What are the prime factors of 230353083?
3, 37, 601, 1151
List the prime factors of 4167649666.
2, 2083824833
List the pr